7
What is the remainder when 87428 is divided by 87?
80
Calculate the remainder when 3533 is divided by 574.
89
What is the remainder when 33829 is divided by 23?
19
What is the remainder when 453824 is divided by 2947?
2933
What is the remainder when 3885 is divided by 1687?
511
What is the remainder when 5683 is divided by 93?
10
Calculate the remainder when 2075 is divided by 298.
287
What is the remainder when 59756 is divided by 224?
172
What is the remainder when 2109 is divided by 361?
304
Calculate the remainder when 2798 is divided by 685.
58
Calculate the remainder when 22933 is divided by 18.
1
What is the remainder when 34786 is divided by 142?
138
Calculate the remainder when 4369312 is divided by 1337.
1333
What is the remainder when 5057 is divided by 622?
81
What is the remainder when 4933 is divided by 2453?
27
Calculate the remainder when 461 is divided by 158.
145
What is the remainder when 15347 is divided by 375?
347
Calculate the remainder when 7226 is divided by 2356.
158
Calculate the remainder when 34172 is divided by 356.
352
Calculate the remainder when 52918 is divided by 283.
280
Calculate the remainder when 308231 is divided by 216.
215
Calculate the remainder when 565 is divided by 265.
35
What is the remainder when 834393 is divided by 12?
9
What is the remainder when 6928 is divided by 1719?
52
Calculate the remainder when 23487 is divided by 338.
165
What is the remainder when 7424 is divided by 1552?
1216
Calculate the remainder when 3176 is divided by 1588.
0
What is the remainder when 141470 is divided by 99?
98
What is the remainder when 29199 is divided by 226?
45
What is the remainder when 33888 is divided by 652?
636
What is the remainder when 6122 is divided by 70?
32
Calculate the remainder when 19233 is divided by 270.
63
Calculate the remainder when 11090 is divided by 78.
14
Calculate the remainder when 982 is divided by 234.
46
What is the remainder when 4662 is divided by 147?
105
Calculate the remainder when 1529 is divided by 508.
5
What is the remainder when 15008 is divided by 1074?
1046
What is the remainder when 36400 is divided by 1401?
1375
Calculate the remainder when 108154 is divided by 114.
82
What is the remainder when 193874 is divided by 16155?
14
Calculate the remainder when 17032 is divided by 705.
112
What is the remainder when 239942 is divided by 89?
87
What is the remainder when 44292 is divided by 443?
435
What is the remainder when 361887 is divided by 361868?
19
Calculate the remainder when 139373 is divided by 5360.
13
Calculate the remainder when 10066 is divided by 378.
238
What is the remainder when 3197 is divided by 638?
7
What is the remainder when 2074 is divided by 151?
111
What is the remainder when 2196 is divided by 1059?
78
Calculate the remainder when 200823 is divided by 22303.
96
Calculate the remainder when 28801 is divided by 1919.
16
What is the remainder when 85756 is divided by 733?
728
Calculate the remainder when 892 is divided by 88.
12
Calculate the remainder when 2442 is divided by 2287.
155
What is the remainder when 2754 is divided by 146?
126
What is the remainder when 2883 is divided by 303?
156
Calculate the remainder when 1415 is divided by 680.
55
What is the remainder when 473545 is divided by 14?
9
Calculate the remainder when 20030 is divided by 481.
309
What is the remainder when 1294 is divided by 4?
2
Calculate the remainder when 8871 is divided by 4431.
9
What is the remainder when 17644 is divided by 464?
12
Calculate the remainder when 14966 is divided by 66.
50
Calculate the remainder when 80629 is divided by 672.
661
Calculate the remainder when 1730 is divided by 390.
170
Calculate the remainder when 11202 is divided by 169.
48
What is the remainder when 36241 is divided by 55?
51
Calculate the remainder when 4066 is divided by 8.
2
What is the remainder when 7079 is divided by 107?
17
What is the remainder when 37572 is divided by 1879?
1871
Calculate the remainder when 6728 is divided by 6675.
53
Calculate the remainder when 27012 is divided by 48.
36
Calculate the remainder when 1354010 is divided by 13.
8
Calculate the remainder when 1008 is divided by 450.
108
What is the remainder when 8230 is divided by 1371?
4
Calculate the remainder when 89447 is divided by 59.
3
What is the remainder when 30023 is divided by 500?
23
What is the remainder when 1789 is divided by 60?
49
What is the remainder when 5184 is divided by 671?
487
What is the remainder when 19553 is divided by 164?
37
What is the remainder when 2036 is divided by 1005?
26
Calculate the remainder when 28159 is divided by 938.
19
What is the remainder when 20270 is divided by 9626?
1018
Calculate the remainder when 4803 is divided by 4698.
105
Calculate the remainder when 2213396 is divided by 1085.
1081
Calculate the remainder when 41559 is divided by 41549.
10
Calculate the remainder when 28332 is divided by 21.
3
What is the remainder when 1491 is divided by 270?
141
Calculate the remainder when 18694 is divided by 4646.
110
What is the remainder when 183014 is divided by 172?
6
Calculate the remainder when 3424 is divided by 373.
67
Calculate the remainder when 54190 is divided by 553.
549
Calculate the remainder when 72459 is divided by 833.
821
Calculate the remainder when 10333 is divided by 38.
35
What is the remainder when 12214 is divided by 2023?
76
Calculate the remainder when 224282 is divided by 243.
236
What is the remainder when 3761 is divided by 65?
56
Calculate the remainder when 2770 is divided by 406.
334
Calculate the remainder when 68929 is divided by 22953.
70
What is the remainder when 380294 is divided by 6?
2
Calculate the remainder when 1323 is divided by 1214.
109
Calculate the remainder when 199533 is divided by 6235.
13
Calculate the remainder when 7230 is divided by 55.
25
What is the remainder when 50022 is divided by 106?
96
What is the remainder when 2299601 is divided by 121?
117
What is the remainder when 27130 is divided by 187?
15
Calculate the remainder when 32822 is divided by 913.
867
Calculate the remainder when 264909 is divided by 147.
15
Calculate the remainder when 2749 is divided by 146.
121
What is the remainder when 3011 is divided by 1114?
783
Calculate the remainder when 3024 is divided by 106.
56
What is the remainder when 394 is divided by 296?
98
Calculate the remainder when 5719 is divided by 62.
15
What is the remainder when 326915 is divided by 54?
53
What is the remainder when 22933 is divided by 337?
17
Calculate the remainder when 133946 is divided by 72.
26
What is the remainder when 66124 is divided by 16?
12
What is the remainder when 3883 is divided by 138?
19
Calculate the remainder when 731422 is divided by 304.
302
What is the remainder when 3597 is divided by 671?
242
What is the remainder when 6597 is divided by 1317?
12
Calculate the remainder when 1938 is divided by 173.
35
What is the remainder when 12530 is divided by 209?
199
Calculate the remainder when 4320 is divided by 745.
595
What is the remainder when 36388 is divided by 182?
170
Calculate the remainder when 93921 is divided by 443.
5
Calculate the remainder when 1121136 is divided by 129.
126
Calculate the remainder when 1216 is divided by 307.
295
Calculate the remainder when 48478 is divided by 4843.
48
Calculate the remainder when 1531 is divided by 1380.
151
What is the remainder when 97645 is divided by 32546?
7
Calculate the remainder when 48430 is divided by 20.
10
What is the remainder when 6479 is divided by 13?
5
What is the remainder when 482 is divided by 235?
12
What is the remainder when 27316 is divided by 45?
1
Calculate the remainder when 24363 is divided by 131.
128
Calculate the remainder when 54934 is divided by 151.
121
What is the remainder when 13952 is divided by 2571?
1097
Calculate the remainder when 30225 is divided by 242.
217
Calculate the remainder when 7859 is divided by 7830.
29
Calculate the remainder when 7042 is divided by 3514.
14
What is the remainder when 13493 is divided by 1109?
185
What is the remainder when 46149 is divided by 130?
129
Calculate the remainder when 7415241 is divided by 19.
16
What is the remainder when 143163 is divided by 47693?
84
What is the remainder when 154222 is